{"id":2015,"date":"2019-10-10T16:04:01","date_gmt":"2019-10-10T16:04:01","guid":{"rendered":"https:\/\/insaatzirve.com\/?page_id=2015"},"modified":"2022-08-10T15:44:53","modified_gmt":"2022-08-10T15:44:53","slug":"cerez-politikasi","status":"publish","type":"page","link":"https:\/\/insaatzirve.com\/eng\/cerez-politikasi\/","title":{"rendered":"\u00c7erez Politikas\u0131"},"content":{"rendered":"<div data-elementor-type=\"wp-page\" data-elementor-id=\"2015\" class=\"elementor elementor-2015\" data-elementor-post-type=\"page\">\n\t\t\t\t\t\t<section class=\"elementor-section elementor-top-section elementor-element elementor-element-3a1bb967 elementor-section-boxed elementor-section-height-default elementor-section-height-default\" data-id=\"3a1bb967\" data-element_type=\"section\" data-settings=\"{&quot;jet_parallax_layout_list&quot;:[{&quot;jet_parallax_layout_image&quot;:{&quot;url&quot;:&quot;&quot;,&quot;id&quot;:&quot;&quot;,&quot;size&quot;:&quot;&quot;},&quot;_id&quot;:&quot;0006da4&quot;,&quot;jet_parallax_layout_image_tablet&quot;:{&quot;url&quot;:&quot;&quot;,&quot;id&quot;:&quot;&quot;,&quot;size&quot;:&quot;&quot;},&quot;jet_parallax_layout_image_mobile&quot;:{&quot;url&quot;:&quot;&quot;,&quot;id&quot;:&quot;&quot;,&quot;size&quot;:&quot;&quot;},&quot;jet_parallax_layout_speed&quot;:{&quot;unit&quot;:&quot;%&quot;,&quot;size&quot;:50,&quot;sizes&quot;:[]},&quot;jet_parallax_layout_type&quot;:&quot;scroll&quot;,&quot;jet_parallax_layout_direction&quot;:null,&quot;jet_parallax_layout_fx_direction&quot;:null,&quot;jet_parallax_layout_z_index&quot;:&quot;&quot;,&quot;jet_parallax_layout_bg_x&quot;:50,&quot;jet_parallax_layout_bg_x_tablet&quot;:&quot;&quot;,&quot;jet_parallax_layout_bg_x_mobile&quot;:&quot;&quot;,&quot;jet_parallax_layout_bg_y&quot;:50,&quot;jet_parallax_layout_bg_y_tablet&quot;:&quot;&quot;,&quot;jet_parallax_layout_bg_y_mobile&quot;:&quot;&quot;,&quot;jet_parallax_layout_bg_size&quot;:&quot;auto&quot;,&quot;jet_parallax_layout_bg_size_tablet&quot;:&quot;&quot;,&quot;jet_parallax_layout_bg_size_mobile&quot;:&quot;&quot;,&quot;jet_parallax_layout_animation_prop&quot;:&quot;transform&quot;,&quot;jet_parallax_layout_on&quot;:[&quot;desktop&quot;,&quot;tablet&quot;]}],&quot;background_background&quot;:&quot;classic&quot;}\">\n\t\t\t\t\t\t<div class=\"elementor-container elementor-column-gap-default\">\n\t\t\t\t\t<div class=\"elementor-column elementor-col-50 elementor-top-column elementor-element elementor-element-29a16ba2\" data-id=\"29a16ba2\" data-element_type=\"column\" data-settings=\"{&quot;background_background&quot;:&quot;classic&quot;}\">\n\t\t\t<div class=\"elementor-widget-wrap elementor-element-populated\">\n\t\t\t\t\t\t<div class=\"elementor-element elementor-element-e531371 elementor-widget__width-auto elementor-widget elementor-widget-heading\" data-id=\"e531371\" data-element_type=\"widget\" data-widget_type=\"heading.default\">\n\t\t\t\t<div class=\"elementor-widget-container\">\n\t\t\t\t\t<h2 class=\"elementor-heading-title elementor-size-default\">\u00c7erez Politikas\u0131<\/h2>\t\t\t\t<\/div>\n\t\t\t\t<\/div>\n\t\t\t\t\t<\/div>\n\t\t<\/div>\n\t\t\t\t<div class=\"elementor-column elementor-col-50 elementor-top-column elementor-element elementor-element-20bb6736\" data-id=\"20bb6736\" data-element_type=\"column\" data-settings=\"{&quot;background_background&quot;:&quot;classic&quot;}\">\n\t\t\t<div class=\"elementor-widget-wrap\">\n\t\t\t\t\t\t\t<\/div>\n\t\t<\/div>\n\t\t\t\t\t<\/div>\n\t\t<\/section>\n\t\t\t\t<section class=\"elementor-section elementor-top-section elementor-element elementor-element-3131d53b elementor-section-boxed elementor-section-height-default elementor-section-height-default\" data-id=\"3131d53b\" data-element_type=\"section\" data-settings=\"{&quot;jet_parallax_layout_list&quot;:[{&quot;jet_parallax_layout_image&quot;:{&quot;url&quot;:&quot;&quot;,&quot;id&quot;:&quot;&quot;,&quot;size&quot;:&quot;&quot;},&quot;_id&quot;:&quot;0006da4&quot;,&quot;jet_parallax_layout_image_tablet&quot;:{&quot;url&quot;:&quot;&quot;,&quot;id&quot;:&quot;&quot;,&quot;size&quot;:&quot;&quot;},&quot;jet_parallax_layout_image_mobile&quot;:{&quot;url&quot;:&quot;&quot;,&quot;id&quot;:&quot;&quot;,&quot;size&quot;:&quot;&quot;},&quot;jet_parallax_layout_speed&quot;:{&quot;unit&quot;:&quot;%&quot;,&quot;size&quot;:50,&quot;sizes&quot;:[]},&quot;jet_parallax_layout_type&quot;:&quot;scroll&quot;,&quot;jet_parallax_layout_direction&quot;:null,&quot;jet_parallax_layout_fx_direction&quot;:null,&quot;jet_parallax_layout_z_index&quot;:&quot;&quot;,&quot;jet_parallax_layout_bg_x&quot;:50,&quot;jet_parallax_layout_bg_x_tablet&quot;:&quot;&quot;,&quot;jet_parallax_layout_bg_x_mobile&quot;:&quot;&quot;,&quot;jet_parallax_layout_bg_y&quot;:50,&quot;jet_parallax_layout_bg_y_tablet&quot;:&quot;&quot;,&quot;jet_parallax_layout_bg_y_mobile&quot;:&quot;&quot;,&quot;jet_parallax_layout_bg_size&quot;:&quot;auto&quot;,&quot;jet_parallax_layout_bg_size_tablet&quot;:&quot;&quot;,&quot;jet_parallax_layout_bg_size_mobile&quot;:&quot;&quot;,&quot;jet_parallax_layout_animation_prop&quot;:&quot;transform&quot;,&quot;jet_parallax_layout_on&quot;:[&quot;desktop&quot;,&quot;tablet&quot;]}],&quot;background_background&quot;:&quot;classic&quot;}\">\n\t\t\t\t\t\t<div class=\"elementor-container elementor-column-gap-default\">\n\t\t\t\t\t<div class=\"elementor-column elementor-col-100 elementor-top-column elementor-element elementor-element-223ebb62\" data-id=\"223ebb62\" data-element_type=\"column\">\n\t\t\t<div class=\"elementor-widget-wrap elementor-element-populated\">\n\t\t\t\t\t\t<div class=\"elementor-element elementor-element-58d3952e elementor-widget elementor-widget-text-editor\" data-id=\"58d3952e\" data-element_type=\"widget\" data-widget_type=\"text-editor.default\">\n\t\t\t\t<div class=\"elementor-widget-container\">\n\t\t\t\t\t\t\t\t\t<p><b>\u00c7erez Politikas\u0131<\/b><\/p><p>\u0130\u015fbu \u00c7erez Politikas\u0131, T\u00fcrkiye \u0130n\u015faat Malzemesi Sanayicileri Derne\u011fi (T\u00fcrkiye \u0130MSAD)\u2019ne ait internet sitesi i\u00e7in ge\u00e7erli olup, \u00e7erez kullan\u0131m\u0131na ili\u015fkin ilkeleri a\u00e7\u0131klamaktad\u0131r.<\/p><p>T\u00fcrkiye \u0130MSAD \u0130nternet Sitesini kullanarak ve \u00e7erez politikalar\u0131na r\u0131za g\u00f6stererek, \u00e7erezlerin i\u015fbu politika ile uyumlu \u015fekilde kullan\u0131lmas\u0131na ve zaman zaman ki\u015fisel verilerinizi de i\u00e7erebilecek \u015fekilde verilerinizin bu politika kapsam\u0131nda i\u015flenmesine, aktar\u0131lmas\u0131na onay vermi\u015f olursunuz. \u00c7erezlerin bu \u015fekilde kullan\u0131lmas\u0131n\u0131 istemiyorsan\u0131z, \u00e7erez kullan\u0131m\u0131n\u0131 onaylamayarak taray\u0131c\u0131n\u0131z\u0131n ayarlar\u0131n\u0131 d\u00fczenlemelisiniz. Kulland\u0131\u011f\u0131m\u0131z \u00e7erezleri devre d\u0131\u015f\u0131 b\u0131rakmak, \u0130nternet sitemizdeki kullan\u0131c\u0131 deneyiminizi etkileyebilir.<\/p><p><b>\u00c7erez nedir?<\/b><\/p><p>\u00c7erezler; internet sitesinin d\u00fczg\u00fcn bir \u015fekilde \u00e7al\u0131\u015fmas\u0131, kullan\u0131c\u0131 deneyiminin iyile\u015ftirilmesi, internet sitesinin geli\u015ftirilmesi, ziyaret\u00e7iler i\u00e7in ilgi \u00e7ekici ve ki\u015fiselle\u015ftirilmi\u015f bir internet sitesi\/uygulama amac\u0131yla, internet sitesini ziyaret etti\u011finizde cihaz\u0131n\u0131zda depolanan T\u00fcrkiye \u0130MSAD\u2019a ya da \u00fc\u00e7\u00fcnc\u00fc \u015fah\u0131slara ait k\u00fc\u00e7\u00fck metin dosyalar\u0131 veya bilgi\/veri par\u00e7ac\u0131klar\u0131d\u0131r. \u00c7erezler ile internet sitesine ait kullan\u0131m bilgileriniz elde edilmektedir. \u00c7erezler bir internet sitesi hakk\u0131nda durum ve tercihleri saklayarak internetin kullan\u0131m\u0131n\u0131 kolayla\u015ft\u0131r\u0131r.<\/p><p>\u00c7erezler genellikle al\u0131nd\u0131klar\u0131 internet sitesinin ad\u0131n\u0131, \u00e7erez kullan\u0131m \u00f6m\u00fcrlerini (cihaz\u0131n\u0131zda ne kadar s\u00fcreyle tutulaca\u011f\u0131), ve genellikle tesad\u00fcf\u00ee \u015fekilde olu\u015fturulan kendine \u00f6zg\u00fc bir say\u0131 de\u011feri i\u00e7erir. Ayr\u0131ca \u00e7erezler, \u0130nternet Sitesi\u2019ne ili\u015fkin tercihlerinizin, siteyi tekrar ziyaret etti\u011finizde hat\u0131rlanmas\u0131nda da yard\u0131mc\u0131 olurlar.<\/p><p><b>\u00c7erezlerin kullan\u0131m amac\u0131<\/b><\/p><p>\u00c7erezler, internet sitemizi bir sonraki ziyaretinizde sizi tan\u0131mak ve beklentilerinize ve ilgi alanlar\u0131n\u0131za uygun hale getirilmi\u015f i\u00e7erik ve ki\u015fiselle\u015ftirilmi\u015f tarama imk\u00e2n\u0131 sunmak, teknolojik geli\u015fmelere uyum sa\u011flamak, internet sitemizdeki kullan\u0131c\u0131 deneyimini geli\u015ftirmek, trafik istatistikleri olu\u015fturmak gibi ama\u00e7lar i\u00e7in kullan\u0131lmaktad\u0131r.<\/p><p>\u00c7erezler vas\u0131tas\u0131yla toplan\u0131lan veriler kimli\u011finizin belirlenmesi amac\u0131yla kullan\u0131lmamaktad\u0131r. \u00d6te yandan \u00e7erezlerin, kullan\u0131lan cihaz\u0131 ve ba\u015fka veriler ile birlikte cihaz\u0131 kullanan veya cihazla ilgili ki\u015fiyi belirlemek i\u00e7in kullan\u0131lmas\u0131 da m\u00fcmk\u00fcn olabilir. Bu kapsamda \u00e7erezlerin ki\u015fisel veri olarak de\u011ferlendirilmesi m\u00fcmk\u00fcn olabilecektir. Ancak her durumda \u00e7erezler, Ki\u015fisel Verilerin Korunmas\u0131 Kapsam\u0131nda Bilgilendirme Metni\u2019nde ve bu politikada belirtilen ama\u00e7lar d\u0131\u015f\u0131nda kullan\u0131lmaz. \u00c7erez kullan\u0131m\u0131n\u0131 kabul etmekle, ki\u015fisel verilerinizin, Ki\u015fisel Verilerin Korunmas\u0131 Kapsam\u0131nda Bilgilendirme Metni ve bu politika kapsam\u0131nda i\u015flenmesine r\u0131za g\u00f6stermektesiniz.<\/p><p>\u00c7erezleri kabul etmek, \u0130nternet Sitemizi kullanman\u0131z i\u00e7in zorunlu olmamakla birlikte size daha iyi bir kullan\u0131c\u0131 deneyimi sa\u011flar. Zorunlu \u00e7erezler d\u0131\u015f\u0131ndaki \u00e7erezleri silebilir veya engelleyebilirsiniz fakat bu halde de internet sitesi gerekti\u011fi gibi \u00e7al\u0131\u015fmayabilir. Yukar\u0131da da an\u0131ld\u0131\u011f\u0131 \u00fczere zorunlu \u00e7erezlerin kullan\u0131m\u0131 internet sitesi veya mobil uygulaman\u0131n \u00e7al\u0131\u015fmas\u0131 bak\u0131m\u0131ndan zorunlu olabilir. Bu nedenle taray\u0131c\u0131 ayarlar\u0131ndan engellendi\u011fi takdirde internet sitesinin tamam\u0131n\u0131n veya baz\u0131 b\u00f6l\u00fcmlerinin \u00e7al\u0131\u015fmamas\u0131 s\u00f6z konusu olabilir.<\/p><p>\u0130nternet sitemizi ziyaretiniz esnas\u0131nda size sunulacak i\u00e7eri\u011fi ki\u015fiselle\u015ftirmek ve geli\u015ftirmek amac\u0131yla, \u00fc\u00e7\u00fcnc\u00fc ki\u015fi internet sitelerinden gelen \u00e7erezler de cihaz\u0131n\u0131zda depolanabilir.<\/p><p>\u00a0<\/p><p><b>\u00c7erezlerin kontrol\u00fc<\/b><\/p><p>\u00c7erezler, ana bellekten veya elektronik postadan veri veya ba\u015fkaca herhangi bir ki\u015fisel bilgi almak i\u00e7in tasarlanmam\u0131\u015ft\u0131r. Taray\u0131c\u0131lar \u00c7erezler\u2019i kabul eder bi\u00e7imde tasarlanm\u0131\u015f olabilir. Kullan\u0131c\u0131lar \u00c7erezler\u2019in gelmemesini veya g\u00f6nderildiklerinde ikaz verilmesini sa\u011flayacak bi\u00e7imde taray\u0131c\u0131lar\u0131n ayarlar\u0131n\u0131 de\u011fi\u015ftirebilirler. Ziyaret\u00e7i veya kullan\u0131c\u0131, i\u015fbu ayarlar\u0131 de\u011fi\u015ftirmedi\u011fi s\u00fcrece \u00e7erez kullan\u0131m\u0131na a\u00e7\u0131k onay vermi\u015f oldu\u011fu kabul edilir.<\/p><p>Bu ayarlar\u0131, cihaz\u0131n\u0131zda bulunan mevcut \u00e7erezleri silecek, engelleyecek veya cihaz\u0131n\u0131za g\u00f6nderildi\u011finde uyar\u0131 verecek \u015fekilde de\u011fi\u015ftirebilirsiniz. Taray\u0131c\u0131n\u0131zdaki &#8220;Yard\u0131m&#8221; fonksiyonunu kullanarak ilgili ayarlar\u0131n yerini bulabilirsiniz. Taray\u0131c\u0131n\u0131z\u0131 ayarlaman\u0131z halinde, internet sitemizi her ziyarette bulundu\u011funuzda bilgilerinizi tekrar girmeniz gerekir ve internet sitesinde yer alan baz\u0131 hizmetler gerekti\u011fi gibi \u00e7al\u0131\u015fmayabilir. \u0130nternet sitesinin belirli b\u00f6l\u00fcmlerini g\u00f6r\u00fcnt\u00fcleyemeyebilir veya internet sitesini ziyaret etti\u011finizde sizin i\u00e7in \u00f6zelle\u015ftirilmi\u015f olan bilgilere ula\u015famayabilirsiniz.<\/p><p>\u00a0<\/p>\t\t\t\t\t\t\t\t<\/div>\n\t\t\t\t<\/div>\n\t\t\t\t\t<\/div>\n\t\t<\/div>\n\t\t\t\t\t<\/div>\n\t\t<\/section>\n\t\t\t\t<\/div>","protected":false},"excerpt":{"rendered":"<p>\u00c7erez Politikas\u0131 Uluslararas\u0131 \u0130n\u015faatta Kalite Zirvesi \u00c7erez Politikas\u0131 \u0130\u015fbu \u00c7erez Politikas\u0131, T\u00fcrkiye \u0130n\u015faat Malzemesi Sanayicileri Derne\u011fi (T\u00fcrkiye \u0130MSAD)\u2019ne ait internet sitesi i\u00e7in ge\u00e7erli olup, \u00e7erez kullan\u0131m\u0131na ili\u015fkin ilkeleri a\u00e7\u0131klamaktad\u0131r. T\u00fcrkiye \u0130MSAD \u0130nternet Sitesini kullanarak ve \u00e7erez politikalar\u0131na r\u0131za g\u00f6stererek, \u00e7erezlerin i\u015fbu politika ile uyumlu \u015fekilde kullan\u0131lmas\u0131na ve zaman zaman ki\u015fisel verilerinizi de i\u00e7erebilecek \u015fekilde verilerinizin [&hellip;]<\/p>","protected":false},"author":1,"featured_media":0,"parent":0,"menu_order":0,"comment_status":"closed","ping_status":"closed","template":"","meta":{"footnotes":""},"class_list":["post-2015","page","type-page","status-publish","hentry"],"acf":[],"_links":{"self":[{"href":"https:\/\/insaatzirve.com\/eng\/wp-json\/wp\/v2\/pages\/2015","targetHints":{"allow":["GET"]}}],"collection":[{"href":"https:\/\/insaatzirve.com\/eng\/wp-json\/wp\/v2\/pages"}],"about":[{"href":"https:\/\/insaatzirve.com\/eng\/wp-json\/wp\/v2\/types\/page"}],"author":[{"embeddable":true,"href":"https:\/\/insaatzirve.com\/eng\/wp-json\/wp\/v2\/users\/1"}],"replies":[{"embeddable":true,"href":"https:\/\/insaatzirve.com\/eng\/wp-json\/wp\/v2\/comments?post=2015"}],"version-history":[{"count":5,"href":"https:\/\/insaatzirve.com\/eng\/wp-json\/wp\/v2\/pages\/2015\/revisions"}],"predecessor-version":[{"id":2478,"href":"https:\/\/insaatzirve.com\/eng\/wp-json\/wp\/v2\/pages\/2015\/revisions\/2478"}],"wp:attachment":[{"href":"https:\/\/insaatzirve.com\/eng\/wp-json\/wp\/v2\/media?parent=2015"}],"curies":[{"name":"wp","href":"https:\/\/api.w.org\/{rel}","templated":true}]}}